 t?
3
Suppose -50*u + 51*u = -2*a + 72221, -2*u = 3*a - 108330. What is the ten thousands digit of a?
3
Let i be (-1)/(-2) - ((-4810)/4 - 0). Suppose -2*x - z - 24 = -i, z - 591 = -x. What is the tens digit of x?
8
Let z = 156 - 89. Let x = z + -70. What is the tens digit of x/(-2)*-4*(-685)/30?
3
Let g be (-66)/(-15) - (-2)/(-5). Suppose 4*l + 7*t + 4 = 5*t, -2*t = 5*l + 2. Suppose 5*v - g*o - 535 = o, 4*v + l*o = 452. What is the tens digit of v?
1
Let u = 2418 - 956. What is the tens digit of u?
6
Let n = 136 - -478. Let d = -430 + n. What is the units digit of d?
4
What is the units digit of 1/(-10 + (-626794)/(-62678))?
7
Suppose 3*b - 401 = -410. What is the units digit of 0 + b + (-16 - -5 - -938)?
4
Let h(q) = 114*q**2 - 7*q - 36. What is the tens digit of h(8)?
0
Suppose -63*z + 33*z = -48060. What is the hundreds digit of z?
6
Suppose -4*u = -108*c + 112*c - 76220, 4*c = -5*u + 95272. What is the units digit of u?
2
Let p be 5/15*(3 - -45). Suppose q + p = 2*j - q, -4*j = -5*q - 36. Suppose 2*a + 3*k - 269 = 0, 6*k - 547 = -j*a + 3*k. What is the units digit of a?
9
Let g(p) = -p**3 - 13*p**2 - 12*p - 8. Let x be g(-12). Let o(r) = 16*r - 42*r + 20*r - 28. What is the units digit of o(x)?
0
Suppose -3*r + 32329 + 46716 = 4*a, a - 7 = 0. What is the thousands digit of r?
6
Let x = 28577 - -11594. What is the thousands digit of x?
0
Let j(k) = k**3 - 8*k**2 - 3*k + 4. Let d be j(8). Let g = 18 + d. What is the units digit of (95/15 + g)/(1/30)?
0
Let g be 1 + 0/4 + 1346. Suppose -8*z + g + 933 = 0. What is the tens digit of z?
8
Let j(z) = 15*z**3 + 26*z**2 + 12*z - 291. What is the tens digit of j(12)?
1
Let g be 1510 + 21/(-14)*(-12)/9. Let j = g - 279. What is the units digit of j?
3
Let l(v) = 9*v + 8. Let a(f) = -10*f - 8. Let j(s) = 3*a(s) + 4*l(s). Let u be j(-5). What is the units digit of u/(-55) + (-403)/(-5)?
1
Let l(h) = 164 - 12*h - 47*h - 148. What is the units digit of l(-9)?
7
Suppose 8*r - 54 = -r. Let u be (5*3/10)/(r/(-16)). What is the tens digit of 8288/140*(-10)/u?
4
Let k be 1*-3*36/27. What is the thousands digit of (2430/k)/(11/(-22))?
1
Suppose j - 3*w + 17 = 0, 4*j + 5*w + 6 = -11. Suppose -5*a - u = -601, a + 2*u = -10 + 141. Let f = j + a. What is the units digit of f?
1
Let w = -12751 - -18291. What is the thousands digit of w?
5
Let i = 1783 + 3957. What is the hundreds digit of i?
7
What is the units digit of (1 - 1702/184)/((-4046)/(-4048) + -1)?
8
Suppose -1628*w + 1651*w - 218063 = 0. What is the thousands digit of w?
9
Suppose -9*c = -0*c + 1269. Let k = 298 - c. What is the tens digit of k?
3
Let l be (4/12)/(4/(-36)*1). What is the hundreds digit of 206 - ((-15)/(-3) + l)?
2
Let v be 32/(-16) - (-382)/2. Suppose -v*j + 181*j = -3664. What is the hundreds digit of j?
4
Suppose 3*h - 5*i = 47466, 3*h - 23*i - 47454 = -22*i. What is the thousands digit of h?
5
Let a(g) = -g**3 - 34*g**2 + 33*g - 316. What is the thousands digit of a(-39)?
6
Suppose -48*t + 8 = b - 46*t, -20 = -4*b - 2*t. Let p(x) = 3*x + 10. What is the units digit of p(b)?
2
Suppose -3*z - 1 - 5 = 0, -3535 = -3*v - 4*z. Suppose f + 1418 = 2*y, 3*y - 947 - v = 2*f. What is the units digit of y?
8
Suppose -4*t - 248 = -2*u, 3*t - 360 = -2*u - 91. Let i be 3/(u/(-34) + 4). Suppose -k = 1 - i. What is the units digit of k?
6
Suppose 54 = 8*o + 6. Suppose -3*s + 2541 = v - o*v, 5*s - 4272 = -4*v. What is the tens digit of s?
5
What is the thousands digit of (7221 - (-16 - -9)) + -9?
7
Let x(c) = 4*c**3 + 3*c**2 - 14*c + 15. What is the tens digit of x(4)?
6
Let t = -20705 + 39741. What is the ten thousands digit of t?
1
Let g = -11161 + 25364. What is the hundreds digit of g?
2
Let d = 68 - 68. Suppose -3*t + 2*t + 233 = d. Let a = -164 + t. What is the tens digit of a?
6
Let z(h) = -h**3 - 11*h**2 - 19*h - 9. Let a be z(-9). Suppose 4*t + 16 = a, -g + 0*g - 2*t = 351. Let x = g - -567. What is the tens digit of x?
2
Suppose -17*w = 5*a - 22*w - 420, 0 = 3*a + 3*w - 228. What is the tens digit of a?
8
Suppose 0 = -h + 1, -h = 4*f - 4*h - 241. Suppose -3*w = -2*t + f, -2*w - 8*t + 3*t = 9. Let y(x) = -x**3 - 15*x**2 + 25*x + 5. What is the tens digit of y(w)?
5
Suppose 5*o = -2*b + 400, 3*b + o - 600 = -2*o. Suppose 193*v + 3472 = b*v. What is the units digit of v?
6
Suppose -4*o = 3*k - 7*o + 57, 2*k + 2*o = -26. What is the units digit of 4/(-10)*29080/k?
7
Suppose 3*r - 150 = 4*i, 4*i - 5*r = 6*i + 62. Suppose 12 = -3*a - 2*f, -5*a - 31 + 18 = f. What is the units digit of i/(-2*(3 + a))?
8
What is the ten thousands digit of ((-14)/63)/(42/(-2183139))?
1
Let o(s) = -2*s**3 + 53*s**2 + 20*s - 149. Let t(x) = -3*x**3 + 79*x**2 + 30*x - 224. Let l(h) = -8*o(h) + 5*t(h). What is the hundreds digit of l(30)?
6
Let t = -1784 + 3201. Let y = 2712 - t. What is the hundreds digit of y?
2
Let m(a) = -34*a + 4. Let o be m(-8). Let k be 0 - 2/5 - o/10. What is the units digit of (-3 - -1)/((k/16)/7)?
8
Let i = -71 - -71. Let s be (-82)/4 - (3/6 + i). What is the units digit of -3*7/(s/190)?
0
Suppose -35*w - 10228 = 94247. What is the hundreds digit of 10 + (-492)/48 + w/(-4)?
7
Let l = -20242 - -22570. What is the units digit of l?
8
Suppose b + 0*d - 1 = 4*d, 0 = 2*b - 2*d - 26. Suppose -b*x = 4*x - 8043. What is the units digit of x?
3
Let a(q) = -q + 20. Let j be a(16). Suppose j*s = 433 + 1471. What is the tens digit of s?
7
Let o = 1549 + 35. Let d = -915 + o. What is the tens digit of d?
6
Let j(u) = u**3 + 14*u**2 - 32*u + 5. Let t be j(-16). Suppose -2339 + 759 = -t*m - s, 3*s = 2*m - 632. What is the units digit of m?
6
What is the tens digit of ((-1913536)/(-52) - 0) + 15/65?
9
Suppose -22*q = -6*q - 137840. Suppose q = 18*n - 3913. What is the tens digit of n?
9
What is the hundreds digit of (-54)/(-7) + 4/14 - (-30397 - -127)?
2
Suppose 0 = 45*y + 374 + 391. Let d(x) = -x**3 - 13*x**2 + 4*x + 68. What is the tens digit of d(y)?
5
Let c = 65 - 85. Let q be (2 - (-42)/(-5))*c. Let h = q + -60. What is the tens digit of h?
6
Suppose 4*p - n = -22153 + 57701, 0 = -p - 4*n + 8870. What is the units digit of p?
6
Let q(m) = 2*m**3 - m**2 - 8*m + 18. Let n be q(-5). Let i = 366 + n. What is the tens digit of i?
4
Let k = 42 - 25. Let y = 315 - k. What is the hundreds digit of y?
2
Let x = -28 - -34. Suppose 7*o - x = 5*o. Suppose -48 = o*m - 5*m. What is the units digit of m?
4
Let f(t) = 4*t + 39. Let i be f(-9). What is the tens digit of 19/(-1*i/(174*-1))?
0
Suppose 5 + 4 = -3*g. Let n be (-76)/6*(-9 - g). Let u = 159 - n. What is the tens digit of u?
8
Let f(g) = 69*g + 9. Let o be f(7). Suppose 0 = 4*c - 6*c + 5*q + o, -2*c + 484 = -3*q. Suppose -4*m + 0*m + c = 0. What is the units digit of m?
9
Let b = 115 + -113. Suppose 0 = -b*w + 6*w + 2*w. Let f(g) = -3*g + 229. What is the tens digit of f(w)?
2
Suppose -4*i - 2*u = -5962, 8484 - 1032 = 5*i + 2*u. Let m = i - 1051. What is the units digit of m?
9
Let q = -37723 - -82418. What is the thousands digit of q?
4
Let u = -174 - -160. What is the units digit of (u - 0 - -14) + (351 - 0)?
1
Let n = 9 + -5. Let v = -64 + 67. Suppose -d = -v*b + b + 100, -4*d - 208 = -n*b. What is the tens digit of b?
4
Let q(b) = 104*b**2 - 51*b - 58. What is the units digit of q(-6)?
2
Let q(z) = 5587*z + 147. What is the thousands digit of q(4)?
2
Let h = 19275 + -13735. What is the units digit of (-14)/(-77) + h/22?
2
Suppose -r - 4*c + 6478 = 4*r, r - c = 1301. Suppose -10*i + 292 = -r. What is the units digit of i?
9
Let v(n) = -2*n**2 + 2*n + 17. Let f be v(13). Let x = f - -455. Suppose 5*q - w - 59 = 89, -5*q - 5*w = -x. What is the tens digit of q?
3
Let b(o) = -o**3 - 44*o**2 + 41*o + 217. What is the tens digit of b(-46)?
6
Let i(t) = -t**3 + 23*t**2 + 2. Let a be i(23). Let l(z) = z**3 - 2*z**2 - 2*z + 4. Let r be l(a). Suppose 5*c + r*c = 215. What is the tens digit of c?
4
Let r(c) = 1603*c**2 + 52*c - 137. What is the ten thousands digit of r(3)?
1
Let l(x) = 30*x - 72. Let i = 226 + -203. What is the tens digit of l(i)?
1
Let v(p) = 71*p - 30. Let h(f) = -212*f + 85. Let i(m) = 4*h(m) + 11*v(m). Suppose -2*t + 7 = 3*q - 1, -5*t + 5*q = 30. What is the hundreds digit of i(t)?
1
Let k(f) = -f - 4. Let l = -17 + 10. Let a be k(l). Suppose a*n - 200 = 52. What is the units digit of n?
4
Supp